{"id":785,"date":"2023-05-16T22:09:20","date_gmt":"2023-05-16T20:09:20","guid":{"rendered":"http:\/\/h2993000.stratoserver.net\/wp03\/?page_id=785"},"modified":"2025-02-25T07:25:20","modified_gmt":"2025-02-25T06:25:20","slug":"kontakt","status":"publish","type":"page","link":"https:\/\/bewegungsbude-hagen.de\/?page_id=785","title":{"rendered":"Kontakt\/Anfahrt"},"content":{"rendered":"<div id=\"pl-785\"  class=\"panel-layout\" ><div id=\"pg-785-0\"  class=\"panel-grid panel-has-style\" ><div class=\"siteorigin-panels-stretch panel-row-style panel-row-style-for-785-0\" data-stretch-type=\"full-width-stretch\" ><div id=\"pgc-785-0-0\"  class=\"panel-grid-cell\" ><div id=\"panel-785-0-0-0\" class=\"so-panel widget widget_lsow-team-members panel-first-child\" data-index=\"0\" ><div\n\t\t\t\n\t\t\tclass=\"so-widget-lsow-team-members so-widget-lsow-team-members-base\"\n\t\t\t\n\t\t>\n<h3 class=\"widget-title\">Ansprechpartnerin\/Gr\u00fcnderin<\/h3><div class=\"lsow-team-members lsow-style2 lsow-container\"><div class=\" lsow-team-member-wrapper\"><div class=\"lsow-team-member  lsow-animate-on-scroll lsow-visible-on-scroll\"  data-animation=\"fadeInLeft\"><div class=\"lsow-image-wrapper\"><img loading=\"lazy\" decoding=\"async\" width=\"150\" height=\"150\" src=\"https:\/\/bewegungsbude-hagen.de\/wp-content\/uploads\/2025\/01\/IMG_1572-150x150.jpg\" class=\"lsow-image\" alt=\"\" srcset=\"https:\/\/bewegungsbude-hagen.de\/wp-content\/uploads\/2025\/01\/IMG_1572-150x150.jpg 150w, https:\/\/bewegungsbude-hagen.de\/wp-content\/uploads\/2025\/01\/IMG_1572-375x375.jpg 375w\" sizes=\"auto, (max-width: 150px) 100vw, 150px\" \/><\/div><!-- .lsow-image-wrapper --><div class=\"lsow-team-member-text\"><h3 class=\"lsow-title\">Maren Heidrich<\/h3><div class=\"lsow-team-member-position\">Gr\u00fcnderin MietUp<\/div><div class=\"lsow-team-member-details\"><\/div><div class=\"lsow-social-wrap\"><div class=\"lsow-social-list\"><div class=\"lsow-social-list-item\"><a class=\"lsow-email\" href=\"mailto:maren.heidrich@bewegungsbude-hagen.de\" title=\"Send an email\"><i class=\"lsow-icon-email\"><\/i><\/a><\/div><div class=\"lsow-social-list-item\"><a class=\"lsow-instagram\" href=\"https:\/\/www.instagram.com\/die.bewegungsbude.hagen\/#\" target=\"_blank\" title=\"View Instagram Feed\"><i class=\"lsow-icon-instagram\"><\/i><\/a><\/div><\/div><!-- .lsow-social-list --><\/div><!-- .lsow-social-wrap --><\/div><!-- .lsow-team-member-text --><\/div><!-- .lsow-team-member --><\/div><!-- .lsow-team-member-wrapper --><\/div><!-- .lsow-team-members --><div class=\"lsow-clear\"><\/div><\/div><\/div><div id=\"panel-785-0-0-1\" class=\"so-panel widget widget_sow-editor panel-last-child\" data-index=\"1\" ><div class=\"panel-widget-style panel-widget-style-for-785-0-0-1\" ><div\n\t\t\t\n\t\t\tclass=\"so-widget-sow-editor so-widget-sow-editor-base\"\n\t\t\t\n\t\t>\n<div class=\"siteorigin-widget-tinymce textwidget\">\n\t<h2><span style=\"color: #000000;\">Bewegungsbude-Hagen<\/span><\/h2>\n<h2><span style=\"color: #000000;\">Emster Str. 72b<\/span><br \/>\n<span style=\"color: #000000;\">58093 Hagen<\/span><\/h2>\n<h2><span style=\"color: #000000;\">+49 175 213 542 9<\/span><\/h2>\n<h3><span style=\"color: #000000;\">www.bewegungsbude-hagen.de<\/span><\/h3>\n<h3><a href=\"mailto:maren.heidrich@bewegungsbude-hagen.de\" target=\"_blank\" rel=\"noopener\"><span style=\"color: #000000;\">maren.heidrich@bewegungsbude-hagen.de<\/span><\/a><\/h3>\n<p><span style=\"color: #ff0000;\">Hier finden die Kurse statt:&nbsp;<\/span><\/p>\n<p><span style=\"color: #ff0000;\">K\u00f6rnerstra\u00dfe 40<\/span><br \/>\n<span style=\"color: #ff0000;\">58095 Hagen (Therapiezentrum K\u00f640)<\/span><\/p>\n<p>&nbsp;<\/p>\n<\/div>\n<\/div><\/div><\/div><\/div><div id=\"pgc-785-0-1\"  class=\"panel-grid-cell\" ><div id=\"panel-785-0-1-0\" class=\"so-panel widget widget_sow-contact-form panel-first-child panel-last-child\" data-index=\"2\" ><div class=\"panel-widget-style panel-widget-style-for-785-0-1-0\" ><div\n\t\t\t\n\t\t\tclass=\"so-widget-sow-contact-form so-widget-sow-contact-form-default-aa4a356a9f6e-785\"\n\t\t\t\n\t\t><h3 class=\"widget-title\"> Schreiben Sie direkt an das Team dahinter<\/h3>\t<form\n\t\taction=\"\/index.php?rest_route=%2Fwp%2Fv2%2Fpages%2F785\"\n\t\tmethod=\"POST\"\n\t\tclass=\"sow-contact-form\"\n\t\tid=\"contact-form-23b9\"\n\t>\n\n\t\t\n\t\t            <p><em>Felder mit * sind Pflichtfelder<\/em><\/p>\n\t\t\t\t\t\t<div class=\"sow-form-field sow-form-field-name\">\n\t\t\t\t<label class=\"sow-form-field-label-above\" for=\"sow-contact-form-field-name-1\">\n\t\t\t\t<strong>\n\t\t\t\t\tName\t\t\t\t\t\t\t\t\t\t\t<span class=\"sow-form-field-required\">*<\/span>\n\t\t\t\t\t\t\t\t\t<\/strong>\n\t\t\t<\/label>\n\t\t\t\t\t\t\t<div class=\"sow-field-container\">\n\t\t\t\t\t\t\t<input\n\t\t\ttype=\"text\"\n\t\t\tname=\"name-1\"\n\t\t\tid=\"sow-contact-form-field-name-1\"\n\t\t\tvalue=\"\"\n\t\t\tclass=\"sow-text-field\"\n\t\t\t\t\t\t\t\t\/>\n\t\t\t\t\t\t<\/div>\n\t\t\t\t\t\t\t<\/div>\n\t\t\t\t\t\t<div class=\"sow-form-field sow-form-field-email\">\n\t\t\t\t<label class=\"sow-form-field-label-above\" for=\"sow-contact-form-field-mailadresse-1\">\n\t\t\t\t<strong>\n\t\t\t\t\tMailadresse\t\t\t\t\t\t\t\t\t\t\t<span class=\"sow-form-field-required\">*<\/span>\n\t\t\t\t\t\t\t\t\t<\/strong>\n\t\t\t<\/label>\n\t\t\t\t\t\t\t<div class=\"sow-field-container\">\n\t\t\t\t\t\t\t<input\n\t\t\ttype=\"email\"\n\t\t\tname=\"mailadresse-1\"\n\t\t\tid=\"sow-contact-form-field-mailadresse-1\"\n\t\t\tvalue=\"\"\n\t\t\tclass=\"sow-text-field\"\t\t\t\t\t\t\t\t\/>\n\t\t\t\t\t\t<\/div>\n\t\t\t\t\t\t\t<\/div>\n\t\t\t\t\t\t<div class=\"sow-form-field sow-form-field-subject\">\n\t\t\t\t<label class=\"sow-form-field-label-above\" for=\"sow-contact-form-field-worum-geht-es-1\">\n\t\t\t\t<strong>\n\t\t\t\t\tWorum geht es?\t\t\t\t\t\t\t\t\t\t\t<span class=\"sow-form-field-required\">*<\/span>\n\t\t\t\t\t\t\t\t\t<\/strong>\n\t\t\t<\/label>\n\t\t\t\t\t\t\t<div class=\"sow-field-container\">\n\t\t\t\t\t\t\t<input\n\t\t\ttype=\"text\"\n\t\t\tname=\"worum-geht-es-1\"\n\t\t\tid=\"sow-contact-form-field-worum-geht-es-1\"\n\t\t\tvalue=\"\"\n\t\t\tclass=\"sow-text-field\"\n\t\t\t\t\t\t\t\t\/>\n\t\t\t\t\t\t<\/div>\n\t\t\t\t\t\t\t<\/div>\n\t\t\t\t\t\t<div class=\"sow-form-field sow-form-field-textarea\">\n\t\t\t\t<label class=\"sow-form-field-label-above\" for=\"sow-contact-form-field-ihre-nachricht-fragen-an-das-team-1\">\n\t\t\t\t<strong>\n\t\t\t\t\tIhre Nachricht - Fragen an das Team\t\t\t\t\t\t\t\t\t\t\t<span class=\"sow-form-field-required\">*<\/span>\n\t\t\t\t\t\t\t\t\t<\/strong>\n\t\t\t<\/label>\n\t\t\t\t\t\t\t<div class=\"sow-field-container\">\n\t\t\t\t\t\t\t<textarea\n\t\t\tname=\"ihre-nachricht-fragen-an-das-team-1\"\n\t\t\tid=\"sow-contact-form-field-ihre-nachricht-fragen-an-das-team-1\"\n\t\t\trows=\"10\"\n\t\t\t\t\t\t\t\t><\/textarea>\n\t\t\t\t\t\t<\/div>\n\t\t\t\t\t\t\t<\/div>\n\t\t\t\n\t\t\n\t\t<div class=\"sow-submit-wrapper \n\t\tsow-submit-styled\t\t\">\n\n\t\t\t<button\n\t\t\t\ttype=\"submit\"\n\t\t\t\tclass=\"sow-submit\n\t\t\t\t\t\t\t\t\"\n\t\t\t\t\t\t\t>\n\t\t\t\tAnfrage absenden\t\t\t<\/button>\n\t\t<\/div>\n\t\t\t\t<input\n\t\t\ttype=\"hidden\"\n\t\t\tname=\"instance_hash-1\"\n\t\t\tvalue=\"23b90cff\"\n\t\t\/>\n\n\t\t<input type=\"hidden\" id=\"_wpnonce\" name=\"_wpnonce\" value=\"47fdcc296b\" \/><input type=\"hidden\" name=\"_wp_http_referer\" value=\"\/index.php?rest_route=%2Fwp%2Fv2%2Fpages%2F785\" \/>\t<\/form>\n\t<\/div><\/div><\/div><\/div><\/div><\/div><div id=\"pg-785-1\"  class=\"panel-grid panel-has-style\" ><div class=\"siteorigin-panels-stretch panel-row-style panel-row-style-for-785-1\" data-stretch-type=\"full-width-stretch\" ><div id=\"pgc-785-1-0\"  class=\"panel-grid-cell\" ><div id=\"panel-785-1-0-0\" class=\"so-panel widget widget_sow-editor panel-first-child panel-last-child\" data-index=\"3\" ><div\n\t\t\t\n\t\t\tclass=\"so-widget-sow-editor so-widget-sow-editor-base\"\n\t\t\t\n\t\t><h3 class=\"widget-title\">Anfahrt via google maps<\/h3>\n<div class=\"siteorigin-widget-tinymce textwidget\">\n\t<p><iframe src=\"https:\/\/www.google.com\/maps\/embed?pb=!1m18!1m12!1m3!1d2981.1537626890217!2d7.46641079274348!3d51.36035344867984!2m3!1f0!2f0!3f0!3m2!1i1024!2i768!4f13.1!3m3!1m2!1s0x47b93b7dece4c77f%3A0xb3300777a6f544cb!2sK%C3%B6rnerstra%C3%9Fe%2040%2C%2058095%20Hagen!5e1!3m2!1sde!2sde!4v1738252332430!5m2!1sde!2sde\" width=\"1920\" height=\"400\" style=\"border:0;\" allowfullscreen=\"\" loading=\"lazy\" referrerpolicy=\"no-referrer-when-downgrade\"><\/iframe><\/p>\n<\/div>\n<\/div><\/div><\/div><\/div><\/div><\/div>","protected":false},"excerpt":{"rendered":"<p>Bewegungsbude-Hagen Emster Str. 72b 58093 Hagen +49 175 213 542 9 www.bewegungsbude-hagen.de maren.heidrich@bewegungsbude-hagen.de Hier finden die Kurse statt:&nbsp; K\u00f6rnerstra\u00dfe 40 58095 Hagen (Therapiezentrum K\u00f640) &nbsp;<\/p>\n","protected":false},"author":1,"featured_media":0,"parent":0,"menu_order":0,"comment_status":"closed","ping_status":"closed","template":"","meta":{"ngg_post_thumbnail":0,"footnotes":""},"class_list":["post-785","page","type-page","status-publish","hentry","post"],"_links":{"self":[{"href":"https:\/\/bewegungsbude-hagen.de\/index.php?rest_route=\/wp\/v2\/pages\/785","targetHints":{"allow":["GET"]}}],"collection":[{"href":"https:\/\/bewegungsbude-hagen.de\/index.php?rest_route=\/wp\/v2\/pages"}],"about":[{"href":"https:\/\/bewegungsbude-hagen.de\/index.php?rest_route=\/wp\/v2\/types\/page"}],"author":[{"embeddable":true,"href":"https:\/\/bewegungsbude-hagen.de\/index.php?rest_route=\/wp\/v2\/users\/1"}],"replies":[{"embeddable":true,"href":"https:\/\/bewegungsbude-hagen.de\/index.php?rest_route=%2Fwp%2Fv2%2Fcomments&post=785"}],"version-history":[{"count":19,"href":"https:\/\/bewegungsbude-hagen.de\/index.php?rest_route=\/wp\/v2\/pages\/785\/revisions"}],"predecessor-version":[{"id":971,"href":"https:\/\/bewegungsbude-hagen.de\/index.php?rest_route=\/wp\/v2\/pages\/785\/revisions\/971"}],"wp:attachment":[{"href":"https:\/\/bewegungsbude-hagen.de\/index.php?rest_route=%2Fwp%2Fv2%2Fmedia&parent=785"}],"curies":[{"name":"wp","href":"https:\/\/api.w.org\/{rel}","templated":true}]}}